the tens digit of v(x)?
3
Suppose 0 = -3*o + 15, 3*o - 2561 = 3*j + 8*o. What is the units digit of (-1)/(6/(-4)) - j/3?
8
Suppose -y - 4*y + 35 = -2*d, 0 = -4*d - 20. Let b be (-1 + y/10)*0. Suppose 4*n - 6 - 2 = b. What is the units digit of n?
2
Suppose 4*t - 6*t = 72. Let r be t/63 - (-20)/(-14). Let n(c) = -16*c**3 - 2*c. What is the units digit of n(r)?
2
Let j = 140 - 144. What is the units digit of (-10)/((j/(-10))/((-14)/10))?
5
Let g(b) = -342*b**3 + b**2 - 12*b - 12. Let t be (4 + 40/(-12))/(8/(-12)). What is the hundreds digit of g(t)?
3
Let d(j) = -347*j + 146. Let z(g) = 346*g - 151. Let r(b) = -3*d(b) - 2*z(b). What is the hundreds digit of r(3)?
9
Let i = 72 + -76. Let x be 345/75 - i/10. Suppose -x*k + 118 = -432. What is the units digit of k?
0
Let z(b) = 48*b**2 - 77*b + 1197. What is the hundreds digit of z(20)?
8
Let s be (-2 + 0 - (11 - 19)) + -1. Suppose 1 = 4*m - g + 36, s*g + 9 = -3*m. What is the units digit of (436/6)/(m/(-12))?
9
Let n(k) be the third derivative of -k**4/12 - 2*k**3/3 + 23*k**2. Let h be n(-3). What is the tens digit of ((-2002)/(-88))/(h/8)?
9
Suppose 3*r - 6 = -6. Suppose r*q = -2*q + 8. Suppose 3*f - 286 = -v + 3*v, -484 = -5*f - q*v. What is the tens digit of f?
9
What is the tens digit of 10/(-6) + (-386412)/(-117)?
0
Suppose -2*s - 2*o = -7 - 7, -3*s + 1 = -o. Let r(v) = 146*v**2 + 3*v + 5. What is the hundreds digit of r(s)?
5
Suppose 2731*v - 152030 = 2708*v. What is the units digit of v?
0
Suppose 7*y - 5*y = -6*y + 16568. What is the thousands digit of y?
2
Let g(x) = 3*x**2 + 6*x + 13. Suppose -39*m + 12*m = 243. What is the units digit of g(m)?
2
Let h be ((-7)/(-4))/(-7) - (-13)/52. Suppose -1196 = -2*l - 5*d + 997, 5*d - 5 = h. What is the hundreds digit of l?
0
Let c = 18118 - -44248. What is the tens digit of c?
6
What is the ten thousands digit of ((-210)/(-56))/((-6)/(-16432))?
1
Suppose -59166 = -74*w + 1519476. What is the hundreds digit of w?
3
Let m be (-5)/(-1) + 0/(-2 - -4). Suppose 0 = 15*u - 10*u + 4*k - 3225, 1323 = 2*u - m*k. What is the tens digit of u?
4
Let n = 41 + -21. Let q(z) = -2*z + 42. Let f be q(n). What is the units digit of f/(-5) - (4 + 216/(-15))?
0
Suppose 2*z - 105344 = 4*i, 210715 = -408*z + 412*z + i. What is the tens digit of z?
7
Let f(i) = -3*i + 49. Let n be f(15). Suppose t = -h + n*h - 15, -h = 5*t + 11. What is the hundreds digit of (-3)/(-6)*h*74?
1
Suppose r - 3*s = 12968, -2*s - 64840 = 439*r - 444*r. What is the ten thousands digit of r?
1
Let c be 60/25*(-50)/(-20). Suppose -3216 = -c*s + 3*s. What is the thousands digit of s?
1
Let u(h) = -5*h**2 + 11*h - 27. Let s be u(6). Suppose d + 376 = -3*t - 0*d, 0 = -t + 3*d - 142. Let g = t - s. What is the tens digit of g?
1
Suppose 0 = 4*s + 5*d - 55 + 20, 2*d = 6. Suppose 2*n - 2*l - 39 = -s*l, 2*l = -2*n + 38. Suppose 0 = -n*h + 5*h + 2353. What is the hundreds digit of h?
1
Suppose -129*l + 348552 = -3034344. What is the hundreds digit of l?
2
Let b(n) = -9*n + 87. Let q be b(9). What is the units digit of q*(-3351)/(-12) + 7/14?
6
Let x(o) = 236*o**3 + 5*o + 2. Let v be x(-2). Let z = v - -2790. What is the tens digit of z?
9
Let i be 3/(-2)*-1*(-2 + 4). Suppose -x - 11 = -2*w + 45, -i*w = -3*x - 81. What is the tens digit of w?
2
Suppose 0 = 31*u - 189 + 127. Let h be (-4 + 1)/9*3. What is the units digit of (h/u)/((-1)/86)?
3
Let k(r) = 454*r + 207. Let o(d) = -228*d - 104. Let w(v) = 3*k(v) + 7*o(v). What is the units digit of w(-6)?
7
Let v = 3 - -4. Let m(n) = 10*n**2 - 82 + 226 - 86 - 2*n**3 + n**3 - 74. What is the hundreds digit of m(v)?
1
Suppose -2*a - 4*u + 98 = -12, -153 = -3*a - 2*u. Suppose 5*q - 5235 = -3*y, 4*y + 5249 = 5*q + a. What is the hundreds digit of q?
0
Let j(n) = n**3 + 4*n**2 + 3*n + 15. Let h be j(-4). Suppose 5*g - 5*w = 1825, -h*g = -5*w - 1489 + 394. What is the units digit of g?
5
Suppose -10*c = -46901 - 21889. What is the thousands digit of c?
6
Let s = -20 - -18. Let t be s/4 - 93/(-2). Suppose 3*y + 2*y + t = 4*k, 0 = -3*k + 3*y + 33. What is the units digit of k?
9
Suppose 4*p - 5*d - 43954 - 9029 = 0, -2*p - 5*d = -26469. What is the tens digit of p?
4
Suppose 14*w = -3*u + 16*w + 2179, -4*w - 1458 = -2*u. Let a = u + -335. What is the hundreds digit of a?
3
Let m = 38 - 35. Suppose m*g - 21 = -15. Suppose -38 = g*q - 212. What is the tens digit of q?
8
Let r be 4/16 + 117/12. What is the hundreds digit of 1934 + (6/(-5))/((-3)/r)?
9
Let w(j) = -3*j**2 + 4*j - 33. Let g be w(-15). Let o be g/2 - (1 + 2). What is the units digit of 2*(o/(-24) + (-3)/24)?
2
Suppose -5*r + 705 = 3*n, 3*r + 0*r + 2*n - 424 = 0. Suppose 0 = m - 53 - r. What is the units digit of m?
1
Suppose 0 = 5*r - 13 - 7. Let y(s) = -2*s**2 + 47*s - 21. Let t be y(23). Suppose -61 = -5*q + l, r*q - t*l = -0*q + 44. What is the units digit of q?
3
Let c(o) = 49*o**2 + 18*o - 193. What is the units digit of c(6)?
9
What is the ten thousands digit of ((-15)/(-3) + 63 + -3)*(4 + 154)?
1
Suppose -116091 = -17*s + 95899. What is the hundreds digit of s?
4
What is the tens digit of (3*(-2425)/(-60))/(-4 + (-5478)/(-1368))?
4
Let c be (30/25)/((-6)/1640) + -4. Let g = c + 696. What is the hundreds digit of g?
3
Let c be (-160524)/245 - (-6)/5. Let x = -469 - c. What is the hundreds digit of x?
1
Let l = -35 - -129. Let k(g) = -g + l + 2*g**2 - g**2 + 2. What is the units digit of k(0)?
6
Let k(o) be the third derivative of -5*o**4/24 + 58*o**3/3 - 59*o**2. What is the units digit of k(-19)?
1
Let a = -12604 + 27340. What is the hundreds digit of a?
7
Let b = -6588 + 35593. What is the units digit of b?
5
Suppose 295*x + 3563040 = 375*x. What is the ten thousands digit of x?
4
Suppose -4*z + 2 = 5*r - 2, -2*r = -4*z + 4. Suppose r = -d + 4*o + 17, -2*d = 5*o + 14 + 4. What is the units digit of -23*(11/(-2))/d*2?
3
What is the thousands digit of (5 + -10 + -447)/(24/(-348)) - -8?
6
Let c = -25855 + 45147. What is the thousands digit of c?
9
Let t(h) be the third derivative of -h**5/60 + 5*h**4/2 - 2*h**3/3 + 30*h**2. What is the units digit of t(8)?
2
Suppose -16*x = -207 - 97. Let k = x + -16. Suppose 6*d - 5*c - 14 = 3*d, 2*c = k*d - 29. What is the tens digit of d?
1
Let t = -1 - -14. Suppose t*w - 258 + 102 = 0. Suppose -w*s + 984 = -4*s. What is the hundreds digit of s?
1
Suppose 2*x - 8 = -3*y, 2*x - y = -0*y + 16. Suppose 11*m - 3148 = x*m. What is the tens digit of m?
8
Let m be 0/(-2)*9/27. Suppose m = y - 2*i + 14, 2*y + 145 = -3*y - 5*i. Let o(k) = -k**3 - 23*k**2 + 19*k - 35. What is the tens digit of o(y)?
8
Suppose 0 = 76*u - 1015972 - 2570088. What is the hundreds digit of u?
1
Let z = 586 + 102. Let a = z + 131. What is the hundreds digit of a?
8
Let x be (3/9)/((-3)/(-45)). Suppose f = -4*v + 8, 2*f + v - 35 + x = 0. Let n = 46 - f. What is the tens digit of n?
3
Let m(t) = -t**3 - 5*t**2 - 27*t + 7. What is the hundreds digit of m(-5)?
1
Let y(u) = 3*u**3 - u**2 - u + 1. Let n be y(1). Suppose n*v - 4*v = -4*k - 906, -4*v + 1803 = -5*k. What is the hundreds digit of v?
4
Suppose -11*n + 132 = n. Suppose -n*q + 15*q = 884. What is the hundreds digit of q?
2
Let j be 16*(2/8 + 4 + -3). What is the tens digit of (7 - (-6 + j))/((-3)/129)?
0
Let u = -502 - -508. Let g(r) = 10*r**2 + 12*r + 12. What is the hundreds digit of g(u)?
4
Let b = 52154 - 30098. What is the hundreds digit of b?
0
Suppose 6*m = -5*u + 10*m + 20314, 5*u - 20306 = -4*m. What is the units digit of u?
2
Suppose x - 25 = -4*x. Let c = -9793 - -9794. What is the units digit of 0 - -35 - (c - x)?
9
Suppose 87674 - 922494 = -10*b. What is the hundreds digit of b/56 - 1/(-4)?
4
Let u(q) = 3*q**2 + 56*q + 48. Let m be u(-34). Suppose 14*l - 12*l = m. What is the tens digit of l?
0
What is the ten thousands digit of -3 + 42/6 + 12525?
1
Let a be ((-10)/3)/(30/(-45)). What is the units digit of -2 - 48/(-20) - (-313)/a?
3
Let j(n) = -230*n + 65. Let m be j(6). Let k = 2132 + m. What is the units digit of k?
7
Let g(j) = -j + 24. Let d be g(22). What is the tens digit of -6 - (d - 1108/4)?
6
Suppose -2*a + 2*n - 4879 = -5*a, -3248 = -2*a + n. Suppose -6*x + a - 161 = 0. What is the units digit of x?
4
Let i be -5 - (36/(-414) - (-740)/46). Suppose 0 = -0*k + k - 34. Let w = k + i. What is the tens digit of w?
1
Suppos